s of 198692444?
2, 151, 328961
List the prime factors of 173034829.
11, 37, 425147
List the prime factors of 272443631.
47, 5796673
List the prime factors of 640701224.
2, 80087653
What are the prime factors of 998734285?
5, 31, 6443447
List the prime factors of 1298913161.
7, 13, 29, 139, 3541
What are the prime factors of 401962813?
7, 149, 385391
List the prime factors of 35949654.
2, 3, 13, 67, 2293
List the prime factors of 225574845.
3, 5, 331, 45433
List the prime factors of 241074973.
97, 109, 151
What are the prime factors of 795808956?
2, 3, 66317413
List the prime factors of 3671450627.
13, 1153, 244943
What are the prime factors of 46384940?
2, 5, 7, 41, 8081
What are the prime factors of 657408062?
2, 328704031
What are the prime factors of 232589630?
2, 5, 7, 13, 19661
List the prime factors of 163411519.
1699, 96181
List the prime factors of 947249275.
5, 7, 19, 347, 821
What are the prime factors of 282509841?
3, 19, 4956313
What are the prime factors of 1264115834?
2, 23, 97, 491, 577
What are the prime factors of 534692910?
2, 3, 5, 107, 166571
List the prime factors of 356981495.
5, 13, 523, 10501
List the prime factors of 836413792.
2, 953, 27427
What are the prime factors of 94727949?
3, 29, 1088827
List the prime factors of 105862957.
37, 2861161
List the prime factors of 783307725.
3, 5, 17, 379, 1621
What are the prime factors of 13811349?
3, 4603783
What are the prime factors of 110919893?
7, 15845699
What are the prime factors of 223276874?
2, 111638437
What are the prime factors of 1635446332?
2, 13, 31450891
What are the prime factors of 472960169?
11, 67, 491, 1307
What are the prime factors of 79960063?
79960063
What are the prime factors of 4552506643?
31, 127, 359, 3221
List the prime factors of 620264735.
5, 101, 1228247
What are the prime factors of 5418889686?
2, 3, 7, 37, 163, 2377
What are the prime factors of 117918278?
2, 281, 209819
What are the prime factors of 3590531653?
197, 283, 64403
List the prime factors of 57164494.
2, 28582247
What are the prime factors of 116444809?
13, 37, 109, 2221
List the prime factors of 80592657.
3, 73, 229, 1607
List the prime factors of 919906.
2, 13, 35381
What are the prime factors of 184086866?
2, 31, 107, 27749
List the prime factors of 318784893.
3, 7, 743, 20431
What are the prime factors of 7423657937?
17, 436685761
What are the prime factors of 317397969?
3, 7, 5038063
List the prime factors of 19379832.
2, 3, 807493
List the prime factors of 59563322.
2, 7, 13, 6679
List the prime factors of 2928867277.
7, 418409611
List the prime factors of 3035189277.
3, 14327, 23539
List the prime factors of 569189317.
47, 163, 74297
List the prime factors of 45742582.
2, 37, 59, 10477
What are the prime factors of 34703430?
2, 3, 5, 29, 113, 353
What are the prime factors of 96517332?
2, 3, 297893
List the prime factors of 60788946.
2, 3, 10131491
List the prime factors of 12758987.
1049, 12163
What are the prime factors of 1717293048?
2, 3, 71553877
List the prime factors of 15102595.
5, 719, 4201
What are the prime factors of 351746277?
3, 179, 655021
List the prime factors of 190862094.
2, 3, 17, 199, 9403
What are the prime factors of 4939297?
11, 19, 23633
What are the prime factors of 746847926?
2, 11, 433, 78401
List the prime factors of 3519878992.
2, 7, 4919, 6389
What are the prime factors of 56091619?
17, 179, 18433
List the prime factors of 1256789218.
2, 739, 850331
List the prime factors of 163089959.
17, 1483, 6469
What are the prime factors of 158028430?
2, 5, 7, 17, 61, 311
What are the prime factors of 1210314278?
2, 5743, 105373
List the prime factors of 98798715.
3, 5, 2195527
What are the prime factors of 2736902496?
2, 3, 47, 107, 5669
What are the prime factors of 701841166?
2, 13, 557, 48463
What are the prime factors of 109807281?
3, 137, 89057
List the prime factors of 59926280.
2, 5, 167, 8971
List the prime factors of 115571393.
7, 61, 270659
What are the prime factors of 14426953?
2459, 5867
What are the prime factors of 2898666229?
97, 547, 54631
What are the prime factors of 56449902?
2, 3, 59, 159463
What are the prime factors of 3521930?
2, 5, 352193
List the prime factors of 70137587.
13, 5395199
What are the prime factors of 241689546?
2, 3, 7, 1129, 1699
List the prime factors of 85028055.
3, 5, 7, 41, 19751
What are the prime factors of 11555732?
2, 167, 17299
What are the prime factors of 1261356320?
2, 5, 7, 1126211
List the prime factors of 3271635.
3, 5, 23, 29, 109
What are the prime factors of 7235963935?
5, 71, 137, 148781
List the prime factors of 94358315.
5, 29, 337, 1931
What are the prime factors of 87235020?
2, 3, 5, 484639
What are the prime factors of 81447695?
5, 7, 31, 271, 277
List the prime factors of 35166876.
2, 3, 659, 4447
List the prime factors of 656105206.
2, 41, 83, 96401
List the prime factors of 319889752.
2, 7, 13, 439409
List the prime factors of 137491135.
5, 27498227
What are the prime factors of 1360464853?
11, 31, 1811, 2203
What are the prime factors of 55108746?
2, 3, 7, 11, 39761
What are the prime factors of 4705231285?
5, 571, 1648067
List the prime factors of 2327365055.
5, 23, 20237957
What are the prime factors of 676841103?
3, 8356063
List the prime factors of 459941435.
5, 91988287
List the prime factors of 79991438.
2, 43, 97, 223
List the prime factors of 1032820777.
1032820777
List the prime factors of 473209280.
2, 5, 17, 37, 2351
List the prime factors of 11501615.
5, 2300323
List the prime factors of 4166191209.
3, 1388730403
List the prime factors of 3726307882.
2, 11, 467, 362693
What are the prime factors of 737817392?
2, 13, 43, 82493
What are the prime factors of 1993974534?
2, 3, 6869, 16127
What are the prime factors of 1664118194?
2, 29, 367, 78179
List the prime factors of 37953183.
3, 743, 17027
List the prime factors of 4528656983.
4528656983
What are the prime factors of 2612553426?
2, 3, 7, 1439, 1601
List the prime factors of 113060997.
3, 7, 1794619
What are the prime factors of 21500084?
2, 127, 42323
What are the prime factors of 3439147346?
2, 1719573673
List the prime factors of 459702084.
2, 3, 29, 1320983
List the prime factors of 3511331758.
2, 11, 41, 3892829
List the prime factors of 2440211563.
233, 769, 13619
What are the prime factors of 3054687179?
61, 50076839
List the prime factors of 341350113.
3, 13, 8752567
List the prime factors of 1247066350.
2, 5, 79, 491, 643
List the prime factors of 9720784796.
2, 389, 2029, 3079
What are the prime factors of 277704914?
2, 138852457
What are the prime factors of 1373735103?
3, 13, 67, 525731
List the prime factors of 148955475.
3, 5, 23, 86351
What are the prime factors of 111947903?
37, 3025619
List the prime factors of 3048627425.
5, 17, 19, 223, 1693
List the prime factors of 223912671.
3, 683, 109279
What are the prime factors of 3292270886?
2, 1646135443
List the prime factors of 121922454.
2, 3, 20320409
What are the prime factors of 14633760?
2, 3, 5, 43, 709
What are the prime factors of 798879411?
3, 11, 59, 233, 587
What are the prime factors of 1789039734?
2, 3, 19, 15693331
What are the prime factors of 41469885?
3, 5, 17, 151, 359
What are the prime factors of 2461180069?
2461180069
List the prime factors of 1790070506.
2, 7, 223, 449, 1277
What are the prime factors of 60832659?
3, 43, 471571
List the prime factors of 3983714767.
151, 26382217
List the prime factors of 2860549701.
3, 1447, 658961
What are the prime factors of 1935079964?
2, 2341, 206651
What are the prime factors of 65316105?
3, 5, 211, 2293
What are the prime factors of 454607310?
2, 3, 5, 269, 56333
What are the prime factors of 32885270?
2, 5, 11, 193, 1549
What are the prime factors of 47659549?
7, 431, 15797
List the prime factors of 20152214.
2, 71, 141917
List the prime factors of 542520165.
3, 5, 11, 1231, 2671
What are the prime factors of 601392616?
2, 11, 6834007
What are the prime factors of 790524013?
19, 3079, 13513
What are the prime factors of 97482761?
79, 137, 9007
List the prime factors of 443045897.
7, 1051, 1229
What are the prime factors of 422979838?
2, 383, 552193
List the prime factors of 336836571.
3, 53, 61, 34729
List the prime factors of 312369128.
2, 59, 397, 1667
What are the prime factors of 339037